e 0 = 6*d - w*d - 16. Suppose -988 = -4*h + 5*m, -4*h + h + 742 = -d*m. Calculate the highest common divisor of h and 22.
22
Let a = -259 + 264. Calculate the highest common divisor of 255 and a.
5
Let g = -43 + 94. Calculate the greatest common divisor of g and 204.
51
Suppose 5*q = -3*r - 25 - 26, -21 = r + 3*q. Let z be 3/(-6)*8/r*30. What is the greatest common divisor of z and 20?
10
Let m be 0*(1/(-2) + 12/8). Suppose m*q - 176 = -4*q. Calculate the highest common factor of 4 and q.
4
Suppose -180*x - 186 = -182*x. Calculate the highest common divisor of x and 31.
31
Suppose -3*w - 98 = -329. Let h(k) = k**3 - 7*k**2 + 13*k + 4. Let o be h(3). What is the highest common factor of w and o?
7
Let k = 27 - 48. Let d = 25 + k. Suppose d = -u + 3*u, -3*u + 144 = 3*b. What is the highest common factor of b and 115?
23
Let y = -148 + 212. What is the greatest common factor of y and 4?
4
Let u(t) = -t - 5. Suppose 0 = g + 4*x - 11, -2*x - 3*x = -g - 34. Let s be u(g). Let k be (s/2)/(-2)*-17. Calculate the greatest common factor of k and 136.
17
Let l be -3 + 49 + 2/(-1). Suppose 8*v + 3*v = 44. Calculate the highest common factor of v and l.
4
Let f be (-1*0/2)/(-2). Suppose 3*g = -5*v + 96, f*g + 128 = 4*g + 3*v. Suppose 2*y + 12 = g. What is the greatest common factor of y and 10?
10
Suppose 4*u - 120 = 2*z, 120 = 5*u - 2*u + 6*z. What is the highest common factor of u and 800?
32
Let w(c) = c**2 + 14*c + 23. Let p be w(-11). Let o be p/15 - (0 - 1491/9). What is the greatest common divisor of o and 15?
15
Let t be (-2)/(-7) - -1*(-21542)/(-14). Calculate the greatest common divisor of t and 19.
19
Let x be (4/10 - 0)/(3/240). Let p = x + -31. What is the greatest common factor of 1 and p?
1
Let v be (-16)/(-40)*5*10. Let w be (-402)/(-4) - 2/4. What is the greatest common factor of w and v?
20
Let t(v) = 22*v - 49. Let a be t(7). Let i be 1/(-2) - (-255)/6. Calculate the highest common divisor of i and a.
21
Suppose 4 = j + 9. Let o(l) = 2*l**2 + 8*l + 6. Let z be o(j). Let f be 2/(-1) - (-30 - 12). Calculate the highest common divisor of z and f.
8
Suppose 9*f - 8*f = 48. What is the greatest common divisor of f and 18?
6
Suppose 0*h - 4*n - 410 = -2*h, 0 = -3*h - 2*n + 615. What is the greatest common divisor of 533 and h?
41
Suppose -7*h = 2852 - 7836. Calculate the greatest common factor of h and 89.
89
Let t = 25 - 11. Suppose 0 = -3*j - 5*b + 79, 2*j + 3*b + 13 - 66 = 0. What is the highest common divisor of j and t?
14
Let b be 83 + (-19)/7 + 16/(-56). Let g = -28 - -48. What is the highest common factor of b and g?
20
Let i = -148 + 188. What is the highest common factor of i and 120?
40
Suppose 3*i = g + 9, 2*i + 1 = 5*g + 7. Calculate the highest common divisor of i and 96.
3
Suppose -o - 2*o = -48. Suppose 0 = -4*b + 5*h + 49, 0 + 6 = 2*h. Calculate the greatest common factor of o and b.
16
Let l be 1/((-4)/30)*2. Let k be ((-6)/l)/((-8)/(-20)). What is the greatest common factor of k and 3?
1
Let a(k) = 8*k**2 + 2*k + 2. Suppose 0 = -w + 5*w. Suppose 2 = s - w*s, 2*s = -3*b + 1. Let z be a(b). Calculate the highest common factor of z and 56.
8
Let t(s) = -6*s - 66. Let o be t(-10). Suppose -2*i = -3*z + 21, 0 = -z - 4 - 1. Let x = o - i. Calculate the greatest common divisor of 84 and x.
12
Let z be (110/(-14) + 7)*-77. Calculate the greatest common factor of 88 and z.
22
Suppose -454 - 470 = -11*s. Calculate the highest common factor of s and 192.
12
Let o(z) = -3 - 3 - 2*z**3 + 9*z**3 + 8*z**2 - 6*z**3. Let w be o(-3). What is the greatest common divisor of 351 and w?
39
Suppose -2 = -4*k - 6. Let b(w) = 27*w**2 - 1. Let x be b(k). Let n = -44 + 148. What is the greatest common factor of x and n?
26
Let v(s) = 3*s**2 + 7*s - 30. Let a be v(-7). Calculate the greatest common divisor of 8 and a.
4
Suppose 5*n = 2*z + 2*z, -18 = -2*n - 2*z. Suppose 3*h + 683 = n*l, 174 = l - 3*h - h. What is the highest common divisor of 10 and l?
10
Let v(z) = 31*z + 10. Let s be v(5). Suppose -3*c - 2*c - 20 = 0, 2*c = -2*j + 136. Suppose -3*k - 27 + j = 0. What is the greatest common divisor of k and s?
15
Suppose 335 = 5*f + c, 11*f - 10*f = -5*c + 91. Calculate the highest common factor of f and 1408.
22
Let g be ((-121)/(-33))/(8/3336). Calculate the greatest common factor of 11 and g.
11
Suppose -15*s + 429 = -141. What is the greatest common factor of s and 2242?
38
Suppose 8*y - 5*y = 114. Let b(l) = 168*l - 2482. Let i be b(15). Calculate the highest common divisor of i and y.
38
Suppose -2*a + 0*a + 11 = 5*k, -2*k - 2 = 4*a. Suppose -k*t + 42 = 3*t. Calculate the greatest common factor of t and 28.
7
Suppose 0*p + 4*p - 356 = -2*x, -2*p + 166 = -5*x. Suppose -3*y - 2*i + 89 = 0, 4*y - i = 4*i + p. Calculate the highest common divisor of 18 and y.
9
Let m(j) = -j**3 - 6*j**2 - j + 4. Let n be m(-7). Suppose n = -a + 4*a. Let b = 25 - 17. What is the greatest common divisor of a and b?
4
Let g(m) = 10*m + 1. Let v be g(5). Let b(a) = 10*a + 3. Let q be b(6). Let j = q + -29. What is the highest common factor of j and v?
17
Let n(a) = 419 + 4*a**2 - 419 - 11*a. Let l be n(4). What is the highest common divisor of 8 and l?
4
Let s(k) = k**3 - 24*k**2 + 72*k. Let r be s(22). What is the greatest common factor of 77 and r?
77
Let c = -16 - -39. Suppose 4*k + 2*i - 71 = c, 15 = -3*i. Let b(u) = -u**3 + 4*u**2 + 24*u + 18. Let f be b(7). Calculate the highest common factor of f and k.
13
Let g be -2 + 91 - 1*-1. Suppose -3*u - g = -8*u. Calculate the highest common factor of 45 and u.
9
Suppose -18 = -i + 4*i. Let k(m) = m**2 + 6*m + 22. Let u be k(i). Calculate the highest common divisor of 11 and u.
11
Let k = 242 - 143. What is the highest common factor of 231 and k?
33
Suppose -5*c + 5*s = -8*c + 5, c = 2*s + 20. Calculate the greatest common divisor of 40 and c.
10
Let d = -23 - -28. Suppose 0 = b + v + 4*v - 17, 4*b = d*v + 143. Calculate the highest common divisor of b and 96.
32
Let i be 2/(2/5 - 99/275). What is the highest common factor of i and 30?
10
Let r be (-11)/(1/(0 - 1)). Let z(i) = 97*i + 6. Let g be z(-8). Let v be 2*(g/(-50))/((-4)/(-10)). Calculate the highest common factor of v and r.
11
Let k = 163 + -145. Calculate the greatest common factor of 522 and k.
18
Suppose 4*h - 31 = -v, 58*h + 243 = 5*v + 56*h. What is the highest common divisor of 2162 and v?
47
Let v be (-12)/(-3*((-12)/9)/(-2)). Suppose -v*g + g = -50. Calculate the highest common factor of 5 and g.
5
Suppose 2*t + 4*j - 16 = -3*t, 3*j = 3*t - 15. Suppose -9*b + 10*b = -17. Let m = 21 + b. Calculate the highest common factor of t and m.
4
Suppose 588 = -9*r + 30*r. What is the highest common divisor of 476 and r?
28
Let w = 41 + -17. Suppose -w = -2*b + p, p - 14 = -3*b - 3*p. Let c = b + 0. Calculate the highest common divisor of c and 50.
10
Let r = -314 - -350. Calculate the greatest common divisor of 324 and r.
36
Let m = 43 - -2. Suppose 194 = 5*h + 14. Suppose 0 = -3*f - f + h. What is the greatest common factor of f and m?
9
Let d = 883 - 878. Calculate the greatest common divisor of 155 and d.
5
Let a(v) = 569*v**2 + 35*v + 2. Let d be a(-2). What is the highest common divisor of 96 and d?
96
Suppose 364 = 6*d - 92. Calculate the greatest common divisor of d and 19.
19
Let t(s) = -s**3 - 5*s**2 - s + 1. Let o be t(-5). Let f be (-16)/28*63/(-6). What is the greatest common factor of o and f?
6
Let a be 6/15 - 196/(-10). Suppose -23 = -2*s + s. Let z = -13 + s. Calculate the greatest common factor of z and a.
10
Let c = -52 + 32. Let l be ((-18)/5)/(3/c). What is the greatest common divisor of 72 and l?
24
Suppose -5*l - 4 = -y + 34, 0 = -2*y - 4*l + 6. Suppose 0 = u - 2*p - y, -4*u - 4*p + 75 - 11 = 0. Calculate the greatest common divisor of u and 165.
15
Let w(b) = b - 17. Let v be w(17). Suppose -5*t + 198 - 8 = v. Suppose 0 = 2*f + 5*r - t, -28 = 5*f + 3*r - 85. Calculate the highest common factor of f and 81.
9
Let f(u) = -65*u**3 + 2*u**2 + 2*u + 4. Let s be f(-2). What is the greatest common divisor of s and 66?
66
Let h(a) = a**3 + 7*a**2 - 13*a - 18. Let g be h(-8). Calculate the highest common divisor of g and 319.
11
Let s be 4/14 + 33/7. Suppose -s*w + 0*w = 0. Suppose j - 4*z - 4 = 0, -j + 5*z - 1 + 5 = w. Calculate the greatest c